 6*u(f). What is the remainder when k(2) is divided by 18?
13
Let i(b) = -b**3 + 10*b**2 - 15*b + 215. What is the remainder when 94 is divided by i(10)?
29
Let v(z) = 76*z - 2101. What is the remainder when v(38) is divided by 22?
17
Let i be 0 + 6790/(-6) - (-16)/24. Let w = -761 - i. What is the remainder when w is divided by 62?
60
Suppose 4*c = c + 21. Let i be 45/(-27)*(-24)/20. Suppose 4*d = 3*d + n + 54, 5*d - 273 = i*n. Calculate the remainder when d is divided by c.
6
Let q(t) = -28*t - 5. Let j be (-1)/((4 + 1)/(-5)). Suppose 2 = -h - j. What is the remainder when q(h) is divided by 21?
16
Let w(v) = -157*v + 2056. What is the remainder when w(12) is divided by 80?
12
Let j(c) = -2*c**3 - 8*c**2 - c + 5. Let l(k) = 7*k + 109. Calculate the remainder when j(-6) is divided by l(-10).
38
Let i(x) be the second derivative of -x**5/20 + 17*x**4/6 - 11*x**3/2 + 4*x**2 + 76*x. Calculate the remainder when 373 is divided by i(33).
5
Let a(b) = b**3 - 22*b**2 - 2*b + 99. Calculate the remainder when 600 is divided by a(22).
50
Let s(d) = 7*d**2 - 354*d + 217. What is the remainder when 538 is divided by s(50)?
11
Suppose -42 = 6*l - 9*l. Suppose 1 + 5 = d + 2*y, 18 = 5*d - 2*y. Suppose d*r = p - 26, -l = -4*p + 3*p + r. What is the remainder when 38 is divided by p?
8
Let o be ((-1)/(-2) + 2)*-10. Let x = -3 - o. Let d(z) = -z**3 + 3*z**2 + 12*z - 3. Calculate the remainder when x is divided by d(5).
1
Let f(a) = a + 1250. Calculate the remainder when f(-34) is divided by 202.
4
Suppose -3*w + 5*s + 30 = 0, 22 = 2*w + 6*s - 10*s. Suppose 2*i + 0*i = -5*d + 208, 2*d + w*i - 79 = 0. Calculate the remainder when 166 is divided by d.
40
Let s = 270 + -144. Let p = -5 + -56. Let g = p + s. What is the remainder when g is divided by 17?
14
Let h(o) = -o**3 + 6*o**2 + 2*o + 31. Let v be h(7). Calculate the remainder when 87 is divided by v/(-24)*3*26.
9
Let p(c) = -c**2 + 23*c + 90. What is the remainder when 21021 is divided by p(26)?
9
Let h(g) = 35 - 19*g + 8*g - 12*g - 11*g. Let a be h(-6). Suppose 0 = 8*u + 23 - a. Calculate the remainder when 39 is divided by u.
12
Let g(z) = -6*z**2 + 29*z - 14. Let n be g(4). What is the remainder when n/(-4)*2*(-15 - 3) is divided by 32?
22
Let h(a) = 2*a**2 + 31*a + 14. Let s be h(-15). What is the remainder when (1 - 3)*s*55 is divided by 29?
23
Calculate the remainder when 9564 is divided by (27/84 - (-3)/12) + (-87120)/(-420).
204
Let n be ((-7)/(42/12))/((-6)/12). Suppose -2*t + 19 = -2*i - 27, 3*t - 64 = n*i. Let x(z) = z**2 - 7*z + 2. What is the remainder when t is divided by x(8)?
8
Suppose -69*h + 627750 = 87*h - 6*h. Calculate the remainder when h is divided by 7.
6
What is the remainder when 64/(-34)*-186 + 214/(-1819) is divided by 71?
66
Let z = -2315 + 2494. What is the remainder when z is divided by 64?
51
Let i(o) be the second derivative of -o**4/12 + o**3/3 + 55*o**2/2 - o. Let l(h) = 2*h + 10. Let z be l(-5). What is the remainder when i(z) is divided by 19?
17
Let h(z) = -83*z + 2875. Calculate the remainder when 3387 is divided by h(34).
48
Suppose -4*j = 2*v - 224, -v - 89*j = -85*j - 122. What is the remainder when v is divided by 9?
3
Let v(z) = -28*z**3 - 3*z**2 + z + 33. What is the remainder when v(-6) is divided by 15?
12
What is the remainder when 548 is divided by 11544/1036 + ((-16)/14 - -1)?
9
Suppose -37*d + 0*d + 134 = -1235. Calculate the remainder when 2996 is divided by d.
36
Let p = -7 - -18. Let c = -1 + p. Let i = 5 - -21. What is the remainder when i is divided by c?
6
Let i be (133/76)/(1/(-4)). What is the remainder when (i/(-49) + (-20)/42)*-1347 is divided by 30?
29
Suppose 0 = -174*k + 182*k + 1312. Let j = 171 + k. Calculate the remainder when j is divided by 2.
1
Let p(v) = 2*v**2 + 1515*v - 10678. Let w = 7 - 13. What is the remainder when p(7) is divided by (9/w)/((-6)/64)?
9
Suppose -16*z + 24626 = -11*z - 4*m, 0 = 2*z + m - 9827. What is the remainder when z is divided by 4912?
6
Let k be (1/1)/((-1)/(-2))*3. Suppose -330 = -4*r - k*r. Let j = r + -11. What is the remainder when j is divided by 12?
10
Let h = 15 + 119. Suppose -5*i - 118*v + 147 = -116*v, i = -2*v + 39. Calculate the remainder when h is divided by i.
26
Let l(q) = 7*q**3 + 2*q**2 + q - 9. Let r be l(3). Let z = r - 59. Calculate the remainder when z is divided by 16.
14
Let b = -359 - -183. Let d = -164 - b. What is the remainder when d is divided by 2?
0
Let b = 61 - 16. Suppose 3*h - 30 = b. Suppose 0 = -3*q + 2*q + 9. Calculate the remainder when h is divided by q.
7
Suppose -192 = 450*f - 456*f. What is the remainder when 3581 is divided by f?
29
Let q(g) = g**2 + 16*g - 82. Let l be q(-20). Calculate the remainder when (0 - (l - -3))/(6/(-246)) is divided by 8*3/2*1.
5
Suppose -k = 3*u - 48 - 33, 0 = -3*u + 7*k + 33. Suppose -2*l - 4*b = 6, l + 4*b = -3*l. What is the remainder when u is divided by l?
1
Let g be (-41)/(-5) + (-1)/5. Suppose 2*y - 53 = -q + g, -q = -3. Calculate the remainder when y is divided by 13.
3
Suppose 12*m - 15*m + 246 = -318. Calculate the remainder when m is divided by (2 - 3)/((-2)/42).
20
Let b be (-4)/(-42) - 54961/(-1281). Suppose 0 = 4*n - 4*c - b - 29, -n = 4*c - 18. What is the remainder when 117 is divided by n?
9
Let x(c) = 2*c**3 + 6*c - 7. Suppose -5*b - 15 = 0, -3*n - 3*b + 199 = -35. What is the remainder when n is divided by x(2)?
18
Suppose -5*p + 15328*f - 15333*f = -1375, -4*p + 5*f + 1136 = 0. Let t be 0 + 2 + 2/1. Suppose -139 - 49 = -t*g. What is the remainder when p is divided by g?
44
Let y = -7401 - -7527. What is the remainder when 528 is divided by y?
24
Let p = 1894 - 1868. Calculate the remainder when 1335 is divided by p.
9
Calculate the remainder when -10 + (5 - -6) + (-224)/(-4) + -4 is divided by 18.
17
Suppose 0 = -5*g + 2*g - 27. What is the remainder when -3 + 7 + 105/15 is divided by (-1 + -2 - g) + 0?
5
Let q(o) = 3*o**2 + 3*o - 10. Let s be q(-7). Let m be 8/(11/(-66)*-6). Suppose 316 = m*v - s. What is the remainder when v is divided by 19?
16
Suppose 9*s - 2*s = 1967. Let v = s - -162. Suppose 0 = 5*l + i - v, -4*i = 4*l - 7*i - 362. Calculate the remainder when l is divided by 31.
27
Suppose 949 = -61*f + 134*f. Calculate the remainder when 254 is divided by f.
7
Suppose 5*s - 2 = 3*x - 4, 0 = -5*x - 5*s - 10. Let n(h) = h**2 + 6*h - 16. Calculate the remainder when n(4) is divided by 5/((0 - x)*1).
4
Suppose 3*f - 8*f + 2615 = 0. Suppose -4*x + 3*t + f = 0, -t + 86 = -x + 217. Suppose -y = -6*y + x. Calculate the remainder when 49 is divided by y.
23
Let s be (-7)/7 + (-2 - -106) - -4. Suppose 6*x - 3*x + 5*g = 100, -2*g - s = -3*x. Calculate the remainder when 174 is divided by x.
34
Let m(l) = 2*l**3 + 25*l**2 - 12*l + 11. Let s be m(-13). What is the remainder when 6/s + 805/(-14)*-2 is divided by 5?
2
Let w = -308 + 325. What is the remainder when 3/(-2)*10/3*-15 is divided by w?
7
Let p be (-33)/(-6) - (-3)/2. Suppose -p*l + 30 = 233. Let b = l + 40. Calculate the remainder when b is divided by 7.
4
Let t(l) = 6 - 17*l**2 + 10 + 20*l**2 - 2 + 9*l - l**3. Calculate the remainder when t(5) is divided by 5.
4
Suppose -4*q + 10 = q. Suppose -117 = -x - q*x. Suppose 0 = 203*a - 8429 - 6999. Calculate the remainder when a is divided by x.
37
Let v(r) be the second derivative of r**4/4 - r**3/6 + r**2 - 16*r. Let p be v(3). Suppose -4*c + p = -46. What is the remainder when 106 is divided by c?
16
Suppose -100*d + 102*d = 26. Suppose 5*j - 102 = d. What is the remainder when 80 is divided by j?
11
Suppose -1131*d + 1177*d = 1072950. Calculate the remainder when d is divided by 9.
6
Let s = 18695 + -18687. What is the remainder when 253 is divided by s?
5
Suppose -5*p + 144 = 4*l, -74 + 17 = -2*p - l. Suppose 4*h = 2*d + h - 621, 0 = -5*d - 4*h + 1495. What is the remainder when d is divided by p?
23
Suppose 51*v - 52*v = -2*z + 8116, -6 = v. Calculate the remainder when z is divided by 156.
155
Suppose -7*s + 778 + 426 = 0. What is the remainder when 2748 is divided by s?
168
Suppose 0 = -2*m + 10. Suppose -5*l - 97 = 2*k - 5*k, -4*l = m*k - 137. Let q(g) = g**2 + 51*g + 55. What is the remainder when q(0) is divided by k?
26
Let d(b) = 0 - b**2 + 4 + 8*b - b. Suppose -13*p - 40*p = -318. Calculate the remainder 